847. What is the highest common divisor of w and n?
11
Let x = 210 + -108. Suppose 5 = -v + 566. What is the greatest common factor of x and v?
51
Let g = 933 - -1974. Calculate the greatest common divisor of 153 and g.
153
Let m = -280 + 560. Suppose -l - 72 = -5*l. Suppose -l - 210 = -4*t - 4*z, 4*z = -t + 60. What is the greatest common divisor of t and m?
56
Suppose 4*l = 3*v + 33, -28*v + 32*v = 4. What is the greatest common divisor of 293 and l?
1
Let m(f) = -77*f + 1803. Let i be m(23). Calculate the greatest common factor of 24848 and i.
16
Let t(d) = d**3 + 97*d**2 + 276*d + 65. Let z be t(-94). What is the greatest common divisor of 918 and z?
17
Suppose -2185 = 562*o - 585*o. What is the highest common divisor of 2147 and o?
19
Let t = 229 + -60. Suppose -u - s = -77, -s + t = 2*u - 4*s. Suppose -4*b - 56 = -3*y, -3*y - 4*b + 39 = -1. Calculate the greatest common factor of y and u.
16
Let x be (-4)/(12/(-435)) - 1. Let q be (-18)/45 + 3/(-5). Let a(y) = -19*y**3 + 2*y + 1. Let t be a(q). What is the highest common divisor of x and t?
18
Let x(s) = 15*s**2 - 51*s + 216. Let a be x(5). What is the highest common divisor of a and 420?
84
Let r = -1700 - -1729. Suppose -2*p = -577 - 351. Calculate the greatest common factor of r and p.
29
Let t(h) = 52*h**3 + 25*h**2 - 16*h + 52. Let i be t(5). What is the highest common factor of 376 and i?
47
Suppose 10*j + 15 - 5 = 0. Let o be ((-38)/8 - j)/(6/(-272)). Calculate the greatest common divisor of 34 and o.
34
Let t be 12/(-30) + (-10)/(-25). Suppose m + 515 - 516 = t. What is the highest common factor of 2 and m?
1
Let c = -116 - -118. Suppose -6 = -c*o + 14. Calculate the highest common factor of o and 20.
10
Let s = -4424 + 4624. What is the highest common factor of s and 625?
25
Suppose 92*q - 94*q + 6 = 0. Suppose 2*v - q = 73. What is the greatest common factor of v and 114?
38
Let s(i) = 4*i**3 + 5*i**2 - 22*i - 15. Let g be s(3). Calculate the highest common divisor of g and 1944.
72
Let o be (26/65)/(12/750). What is the highest common factor of o and 5975?
25
Let r(l) = l**3 - 15*l**2 + 8*l - 50. Let y be r(15). What is the highest common factor of 1210 and y?
10
Let p(s) = 220*s - 210. Let f be p(1). Suppose a + 4*v - 118 = v, 4*a - 516 = -v. Calculate the greatest common divisor of f and a.
10
Let n(z) = z**3 + 6*z**2 - 3*z - 5. Let l be n(-5). Let h = l + -14. Let w = -9 + h. What is the highest common divisor of w and 132?
12
Let m be (-8 - -4)/((-12)/2) - 1073042/(-69). Calculate the highest common factor of m and 48.
48
Let t = -59 - -87. Suppose -1008 = -3*q - 9*q. What is the highest common divisor of q and t?
28
Suppose 3*i - 62 = -2. Suppose 5*f - 5*m = f + i, f = -4*m + 5. Let h be -1*1 - -36*1. Calculate the highest common divisor of h and f.
5
Let k(w) = 2*w**2 - 19*w + 244. Let o be k(12). Calculate the greatest common factor of 114 and o.
38
Suppose -97 = -3*m + 5*a, -2*a = -36*m + 35*m + 34. Let b be (-4)/(-12)*-1*-42. Let k = -11 + b. What is the highest common factor of k and m?
3
Let k be (4/(-6))/((-32)/720) + 4. Suppose k*p = -4031 + 17369. Calculate the highest common factor of p and 26.
26
Suppose 4*n - 2*m - 23306 = 0, 5*n + 5*m - 37869 = -8699. What is the greatest common factor of 261 and n?
87
Let r = 165 - 161. Suppose -519 = -4*y - 4*h - h, r*y + 2*h - 510 = 0. Let s = -20 + 34. Calculate the highest common divisor of y and s.
14
Let t(o) = -o**2 + 54*o - 38. Let i be t(56). Let k = i - -285. Calculate the greatest common factor of k and 3.
3
Let b = 35 - 0. Let g(n) = n**2 + 11*n + 15. Let d be g(-10). Let i be d/(b/14) - (2 + -1). What is the highest common factor of i and 5?
1
Suppose 42*q - 2001 + 363 = 0. Suppose -5*p + 624 = -4*p. What is the highest common factor of q and p?
39
Let k(x) = -2*x**2 + 7*x + 4. Let m be k(4). Let d = m - -13. Let b be 25 - (6 + -5 + -2). What is the highest common divisor of d and b?
13
Suppose 16*d + 16*d = -24 + 312. Suppose -4*x - 20 = 4*p, -4*x + 9*x = p + 5. Suppose x = d*o - 6*o - 60. Calculate the highest common divisor of o and 4.
4
Suppose 4909 = 21*h - 40766. Suppose -2*i + h = -3*u, -4*u = -0*i - 5*i + 5455. What is the highest common factor of i and 15?
15
Let s(m) be the second derivative of 9*m**3/2 + 15*m**2/2 + 5*m - 8. Let i be s(3). Calculate the highest common factor of i and 32.
32
Let n be (-6)/9*((-11)/1 + -1). Suppose -n*a - 106 = -394. Suppose 2*y + 3*w = 65 - 17, 4*y = -4*w + 96. Calculate the highest common factor of a and y.
12
Let u(a) = 4*a + 187. Let i be u(-45). Suppose 2*y + 1694 = 13*y. Calculate the greatest common divisor of i and y.
7
Let q = -2083 + 3355. Let f = -791 + q. Calculate the highest common divisor of f and 37.
37
Let h(o) = 25*o - 2*o**2 + 4 - 4*o + 4*o**2 + 6*o**2 + 39. Let l be h(-5). Calculate the greatest common divisor of l and 69.
69
Suppose -16*v + 21*v - 2*r = 394, 0 = 3*v + 4*r - 252. What is the highest common divisor of 9280 and v?
80
Suppose -4*n - 499 = -5*x, 49*x = 47*x - 5*n + 193. Calculate the highest common factor of x and 2409.
33
Suppose 45*m + 75*m = 6*m + 58482. What is the greatest common factor of 969 and m?
57
Let m be -4 + 569 - (-396)/36. Calculate the highest common factor of 1692 and m.
36
Let x(c) = 98*c - 6. Let r be x(2). What is the highest common factor of r and 2546?
38
Let s be ((68/(-6))/(1/(-3)))/2. Suppose s*z - 171 - 84 = 0. What is the highest common factor of 465 and z?
15
Let p = 18585 + -18501. What is the greatest common divisor of p and 6748?
28
Let z(d) = 10*d + 49. Let p(l) = -2*l + 2. Let o(t) = -3*p(t) - z(t). Let u be o(-33). Calculate the greatest common divisor of 44 and u.
11
Suppose 2*b - 228 = -5*j, -j + 16*b - 14*b + 48 = 0. Calculate the highest common divisor of 3266 and j.
46
Let n(j) = 26*j**2 + 29*j + 2. Let s be n(-2). What is the greatest common divisor of 3680 and s?
16
Suppose -4*d + 25 = 3*n, 5*d - 8 - 12 = 0. Let y(r) = n*r + 2*r - 6*r. Let i be y(-7). What is the greatest common factor of i and 1?
1
Let i(k) = -k**3 + 7*k**2 - 13*k + 5018. Let n be i(0). What is the greatest common factor of n and 26?
26
Let l = 426 - 407. Suppose -12*n + l*n - 112 = 0. What is the highest common divisor of 4 and n?
4
Suppose 0 = -3*m + 100 - 13. Let q be m + -13 + -1 + 3. Suppose -3*z + 171 = -45. Calculate the greatest common factor of q and z.
18
Suppose -r = 2*r - 90. Suppose 2*l = 6*q - 8*q + 28, -40 = -3*q - 2*l. Let y = r + q. What is the highest common divisor of y and 21?
21
Suppose 0 = 2*x + 4*x - 84. Suppose -1 + 3 = m. Suppose x + m = i. What is the highest common divisor of i and 80?
16
Let q(n) = -25*n - 159. Suppose 0 = 5*r - l + 96, 0 = 57*r - 54*r - 2*l + 52. Let f be q(r). What is the highest common factor of 62 and f?
31
Let q(w) = 46*w - 295. Let o be q(17). Let a = -448 + o. Let g(v) = -v**3 + 10*v**2 + 2*v + 6. Let m be g(10). What is the greatest common factor of a and m?
13
Let z be 54/(-1242) - (-106332)/69. What is the greatest common divisor of 67 and z?
67
Suppose 5*i = -2*a + 5111, -14*i + 3194 = a + 558. Calculate the greatest common factor of 48 and a.
6
Let r = -24909 - -31803. What is the highest common divisor of r and 144?
18
Let d(p) = -p - 1. Let x be d(6). Let h(i) = -34*i + 66. Let r be h(x). What is the highest common divisor of 16 and r?
16
Suppose -8*p - 634 - 166 = 0. Let j = -65 - p. Let z(t) = 3*t + 8. Let b be z(9). What is the greatest common divisor of j and b?
35
Let u be (-640355)/(-17) + 282/4794. What is the highest common divisor of u and 129?
129
Let x be (((-255360)/(-42))/(-76))/(0 + -1 - 1). Calculate the highest common divisor of 8100 and x.
20
Let a = 1 - -11. Suppose 3*b = -5*t - 9, -3*t - 4 = 3*b + 5. Suppose t*x + 1716 = 13*x. Calculate the highest common divisor of a and x.
12
Let r be ((-100)/8*-2)/1. Suppose -32*t + r*t = -1092. Calculate the greatest common factor of 26 and t.
26
Suppose -3*m = -3*h - 27, 0*m + 5*m = -4*h + 9. Suppose -m*u = -84 - 11. Let t = u + 2. Calculate the greatest common divisor of 7 and t.
7
Suppose -3*t = 2*s - 125, -37*s - 260 = -41*s - 4*t. What is the greatest common divisor of 18410 and s?
70
Suppose -5*p - 2*d + 121516 = 0, -1275*p - 3*d + 24324 = -1274*p. Calculate the highest common divisor of p and 45.
45
Sup